.
23
Calculate the greatest common divisor of 1 and 823.
1
Calculate the greatest common factor of 294 and 6.
6
Calculate the greatest common factor of 3784 and 176.
88
What is the highest common factor of 176 and 11?
11
Calculate the greatest common divisor of 86 and 473.
43
What is the highest common factor of 36 and 144?
36
Calculate the highest common divisor of 780 and 90.
30
What is the greatest common divisor of 88 and 8?
8
What is the highest common divisor of 2208 and 36?
12
Calculate the greatest common factor of 9 and 963.
9
Calculate the highest common divisor of 266 and 950.
38
What is the highest common factor of 162 and 114?
6
Calculate the greatest common factor of 3438 and 18.
18
Calculate the highest common factor of 171 and 99.
9
What is the greatest common divisor of 88 and 154?
22
Calculate the highest common divisor of 24 and 756.
12
Calculate the highest common factor of 612 and 108.
36
What is the greatest common divisor of 18 and 90?
18
Calculate the highest common divisor of 494 and 703.
19
What is the greatest common divisor of 212 and 318?
106
What is the highest common divisor of 483 and 69?
69
What is the highest common divisor of 16 and 21040?
16
Calculate the highest common divisor of 689 and 143.
13
Calculate the highest common factor of 840 and 392.
56
What is the highest common factor of 4037 and 11?
11
Calculate the highest common factor of 128 and 688.
16
Calculate the highest common divisor of 1967 and 21.
7
What is the greatest common divisor of 124 and 4?
4
Calculate the highest common factor of 342 and 90.
18
What is the greatest common factor of 5 and 83?
1
Calculate the highest common divisor of 96 and 384.
96
What is the highest common divisor of 16 and 72?
8
Calculate the greatest common divisor of 103 and 7828.
103
Calculate the highest common factor of 80 and 256.
16
Calculate the highest common divisor of 110 and 210.
10
Calculate the greatest common factor of 89 and 4361.
89
What is the highest common factor of 264 and 24?
24
Calculate the highest common factor of 2 and 656.
2
Calculate the greatest common factor of 5 and 120.
5
Calculate the highest common divisor of 34 and 27353.
17
What is the greatest common divisor of 1064 and 168?
56
Calculate the greatest common divisor of 20 and 220.
20
What is the greatest common divisor of 22 and 33?
11
Calculate the greatest common factor of 21 and 21.
21
What is the greatest common factor of 18 and 342?
18
Calculate the greatest common factor of 24 and 540.
12
Calculate the highest common factor of 50 and 220.
10
Calculate the highest common factor of 88 and 66.
22
What is the greatest common factor of 28 and 882?
14
What is the greatest common factor of 2324 and 1328?
332
Calculate the highest common factor of 220 and 165.
55
Calculate the greatest common factor of 10250 and 82.
82
What is the highest common divisor of 6118 and 42?
14
What is the greatest common factor of 1656 and 4232?
184
Calculate the highest common divisor of 195 and 273.
39
What is the highest common divisor of 28 and 3052?
28
What is the greatest common divisor of 77 and 1661?
11
Calculate the highest common factor of 779 and 19.
19
Calculate the highest common factor of 3 and 2073.
3
Calculate the greatest common divisor of 207 and 1311.
69
What is the highest common divisor of 84 and 2800?
28
Calculate the highest common factor of 66 and 231.
33
What is the highest common factor of 5248 and 512?
128
What is the highest common factor of 126 and 1092?
42
What is the highest common factor of 2626 and 78?
26
Calculate the greatest common divisor of 3 and 8571.
3
What is the greatest common divisor of 132 and 692?
4
What is the highest common factor of 54 and 18?
18
Calculate the greatest common factor of 54 and 36.
18
Calculate the greatest common factor of 32 and 3728.
16
Calculate the highest common factor of 680 and 4216.
136
What is the highest common divisor of 550 and 125?
25
What is the highest common factor of 904 and 96?
8
Calculate the greatest common divisor of 7 and 139.
1
What is the highest common factor of 49 and 26509?
49
Calculate the greatest common factor of 390 and 270.
30
Calculate the highest common factor of 4092 and 165.
33
Calculate the greatest common divisor of 63 and 144.
9
Calculate the highest common factor of 80 and 170.
10
What is the greatest common divisor of 16059 and 3?
3
Calculate the greatest common factor of 228 and 36.
12
What is the greatest common factor of 494 and 38?
38
What is the highest common factor of 136 and 34?
34
Calculate the greatest common divisor of 12 and 699.
3
What is the highest common factor of 31 and 899?
31
What is the greatest common factor of 2 and 1?
1
Calculate the greatest common divisor of 749 and 2782.
107
What is the greatest common factor of 26 and 702?
26
Calculate the greatest common divisor of 387 and 27.
9
Calculate the highest common factor of 15162 and 42.
42
Calculate the greatest common divisor of 258 and 186.
6
What is the highest common divisor of 154 and 42?
14
Calculate the highest common divisor of 841 and 29.
29
What is the highest common divisor of 48 and 688?
16
What is the greatest common factor of 20 and 42610?
10
Calculate the greatest common divisor of 391 and 23.
23
Calculate the highest common factor of 255 and 60.
15
What is the greatest common divisor of 50 and 80?
10
What is the greatest common factor of 4 and 8?
4
Calculate the highest common factor of 15 and 895.
5
What is the greatest common factor of 9364 and 4?
4
What is the greatest common factor of 35 and 128415?
35
Calculate the highest common factor of 3 and 20.
1
What is the highest common factor of 11 and 256?
1
What is the greatest common divisor of 279 and 9?
9
Calculate the greatest common factor of 763 and 2507.
109
What is the highest common factor of 186 and 27?
3
What is the highest common divisor of 292 and 4?
4
Calculate the greatest common divisor of 91 and 91.
91
Calculate the highest common factor of 45 and 165.
15
Calculate the highest common divisor of 31220 and 10.
10
Calculate the greatest common factor of 17 and 8993.
17
Calculate the greatest common divisor of 1059 and 12.
3
Calculate the highest common divisor of 22 and 19294.
22
Calculate the highest common factor of 8769 and 3.
3
Calculate the greatest common divisor of 104 and 24.
8
Calculate the highest common divisor of 318 and 424.
106
What is the highest common divisor of 17787 and 11?
11
Calculate the greatest common divisor of 399 and 285.
57
Calculate the greatest common divisor of 238 and 8925.
119
Calculate the highest common divisor of 153 and 51.
51
Calculate the highest common divisor of 475 and 38.
19
What is the highest common divisor of 117 and 624?
39
Calculate the highest common factor of 17 and 23171.
17
What is the greatest common divisor of 72 and 64?
8
What is the greatest common factor of 32 and 1792?
32
What is the greatest common factor of 1445 and 935?
85
What is the greatest common factor of 48 and 168?
24
Calculate the highest common factor of 83363 and 7.
7
What is the greatest common factor of 440 and 330?
110
Calculate the highest common divisor of 4 and 16.
4
Calculate the highest common factor of 162 and 72.
18
Calculate the highest common divisor of 440 and 240.
40
What is the highest common factor of 1140 and 3660?
60
What is the highest common divisor of 51 and 6?
3
Calculate the greatest common factor of 768 and 336.
48
What is the greatest common factor of 13 and 611?
13
Calculate the greatest common divisor of 25 and 10050.
25
What is the greatest common divisor of 2187 and 3888?
243
What is the greatest common factor of 1600 and 100?
100
Calculate the highest common divisor of 135 and 42.
3
What is the greatest common divisor of 7 and 8855?
7
What is the greatest common factor of 860 and 240?
20
What is the highest common factor of 63 and 36?
9
Calculate the greatest common factor of 77 and 1169.
7
Calculate the highest common factor of 4 and 548.
4
Calculate the greatest common factor of 18 and 11862.
18
Calculate the greatest common divisor of 1682 and 2.
2
What is the greatest common divisor of 21 and 98?
7
What is the highest common factor of 39 and 143?
13
What is the highest common divisor of 89 and 97